. Is (236/8 + 1)/(3/t) composite?
True
Let g(b) = -b**3 + 2*b**2 - b + 5177. Let j be g(0). Let w = -8582 + 5036. Let r = j + w. Is r a composite number?
True
Let l(g) = -156*g**2 + 7*g + 20. Let y(o) = 52*o**2 - 2*o - 7. Let v(d) = -3*l(d) - 8*y(d). Let j be ((-377)/(-117) + (-2)/9)/(-1). Is v(j) a composite number?
False
Suppose u - 4 = 0, 7 = 2*c - 4*u + 33. Let x(v) = v**3 + 5*v**2 - 4*v - 13. Let f be x(c). Suppose -3*q + f*z = 3*z - 2769, 4*q + 2*z = 3670. Is q composite?
False
Suppose 0 = 3*m - 5*q - 28832, 38440 = 4*m - 4*q - 0*q. Let c = -3146 + m. Is c a composite number?
True
Let s(w) = -1280*w**3 + w**2 + 43*w + 197. Is s(-4) prime?
False
Suppose -7398 = 50*h - 47*h. Let z = h - -4877. Is z prime?
True
Let h = -69618 + 149559. Is h composite?
True
Let l(g) = -357*g + 91. Let q(v) = -v. Let s(b) = -l(b) + 3*q(b). Is s(3) a prime number?
True
Let t(u) = -499*u**3 + 5*u**2 - 7*u - 88. Is t(-3) prime?
True
Suppose 22*q - 2*q - 30*q + 631970 = 0. Is q composite?
False
Suppose 0 = -12*n + 10 + 2. Let z(v) = 1094*v - 4. Let o be z(n). Let m = o - 249. Is m a prime number?
False
Suppose -140 = -7*l - 7*l. Suppose -l*j = -45 + 5. Suppose 158 = 4*n + 5*c - 208, -5*c = -j*n + 346. Is n a composite number?
False
Suppose 5*v + 4*z - 69 = 0, -3*v + 2*v + 11 = -2*z. Suppose 0 = 3*l + v*b - 11*b - 32083, -5*l = -b - 53489. Is l prime?
False
Suppose 0 = -5*z + p + 43, -3*z + 2*z - 3*p = 1. Let h(f) = -52 + z*f + 9*f**2 + 10*f - 6*f. Is h(15) a composite number?
False
Let f be 2/13 - (-5)/(390/(-1962)). Let v = -9 - f. Is ((-52556)/v)/(-7) + (-1)/4 a composite number?
True
Suppose 4*b + 242368 + 396744 = 4*p, 3*p + 3*b - 479352 = 0. Is p prime?
False
Let g = 769645 + -336508. Is g a composite number?
True
Suppose 2136 = -3*v + 546. Let z be 2/11 - v/110. Suppose 7652 = 3*w + z*p, -w - 3*p + 5102 = w. Is w prime?
False
Let j(s) = 1195*s + 129. Let k be j(-9). Let v = -6031 - k. Is v a composite number?
True
Suppose -5*r - 4144 = -13844. Let n be -1151*1*(-3 - -2). Let k = r - n. Is k prime?
False
Let b(o) = o**3 + 6*o**2 - 3*o - 6. Let m be b(-5). Let y = m - 34. Is (-22362)/(-30) - (4/10 - y) prime?
False
Let o = 158161 - -1219128. Is o a prime number?
False
Suppose -s + 4*x - 753 = -19936, 0 = s - x - 19186. Is s a composite number?
True
Suppose 0 = -17*a + 16*a - 8. Is 2*1/(a/(-7796)) composite?
False
Let l(v) = -v**2 - 75*v - 212. Is l(-33) a prime number?
False
Let d(l) = -41703*l**3 + 4*l**2 + 4*l - 9. Is d(-2) composite?
False
Let p be ((-2 + -1)/(-1))/(9/45). Let h be 5*(0 + 9/p). Suppose -h*s = -1766 - 787. Is s a composite number?
True
Let k = 6694 - 1199. Suppose 0 = 2*z - k - 683. Is z composite?
False
Let s be 54*(41/(-3) + 2). Let q be 18/((-5)/s + 2/(-9)). Let m = q - -197. Is m a composite number?
False
Let f = 93434 - 38522. Let m = f - 17471. Is m prime?
True
Let a = -172 + 176. Suppose -4*y - 2341 = -r, r - a*y = -y + 2339. Is r composite?
False
Suppose -7*z - 67 = 101. Let a = z - -14. Let c(q) = 24*q**2 - 16*q - 39. Is c(a) composite?
False
Let k = 580901 - 77148. Is k composite?
False
Let d(f) = -22 + 33 - 51 + 23*f. Let i be 1885/75 + (-16)/120. Is d(i) prime?
False
Suppose l = -0*l - 4*y + 27489, -3*l + 82435 = 4*y. Is l composite?
True
Let c be 48/(-18)*(2 - 5). Suppose c*k - 18338 - 3830 = 0. Is k composite?
True
Suppose -4*f = 4*m - 24, -2*m + 4*m = 5*f + 40. Let l(w) = 27*w**2 - 23*w + 51. Is l(m) a composite number?
False
Suppose 17973608 - 2272296 = 64*n. Is n a composite number?
True
Let x(y) = 35176*y**3 - 10*y + 11. Is x(1) prime?
False
Suppose 2*i - 4*j - 263534 = 142888, 0 = -5*i + 3*j + 1016083. Is i prime?
False
Is 1659652/(-6)*(-36 + 2070/60) prime?
True
Suppose 4*y = -4*d + 7*d - 25, -3*y = 3. Suppose 22411 = d*j - 14038. Is j prime?
False
Suppose 1553911 = 17*n - 2919961 - 8826537. Is n a prime number?
False
Let d(q) = -295*q**2 - 10*q + 25. Let x(b) = 291*b**2 + 11*b - 25. Let n(p) = 4*d(p) + 5*x(p). Is n(-9) a composite number?
True
Suppose 34*j + 2*x - 2 = 32*j, 0 = -4*j - x + 7. Is 1/(18/1241338) - j/9 prime?
True
Suppose 0 = -3*s, -3*m + 4*s + 26229 = -35001. Let u = m - 13280. Suppose -4*d = -2*w + u, 5*w - d - 10210 = 7606. Is w composite?
True
Suppose -251991616 - 78583754 = -73*i - 437*i. Is i composite?
True
Suppose -48*l - 61*l + 315017 + 1068084 = 0. Is l a composite number?
False
Suppose -54*s + 476901 = 23*s - 10811530. Is s a prime number?
True
Suppose 328010 = 4*g - y, 0 = -122*g + 127*g - 5*y - 410005. Is g composite?
False
Let h = -42 - -52. Suppose 13*t = h*t + 6. Suppose -5*s + 4*o + 26615 = 0, s = t*s + o - 5332. Is s a composite number?
True
Suppose -18434 = 21*q - 8*q. Is -1 + q/(-4 + 3) prime?
False
Let s(x) = x**3 - 2*x**2 + x + 4. Let c be s(0). Let f be (-2)/c - (-1254)/4. Suppose -f = -3*d + 440. Is d a prime number?
True
Let g(j) = -4*j**2 + 22*j + 73. Let q be g(-5). Let t = q + 546. Is t a composite number?
False
Let p = 34 - 39. Let t(x) = -3322*x + 39. Is t(p) a prime number?
True
Let o be 1007/38 + 2/4. Is 18/o*2577/2 composite?
False
Let t be -5 - ((-7)/35)/((-2)/10). Let i(k) be the first derivative of k**3 + k**2/2 + 9*k - 1. Is i(t) prime?
False
Let u(y) = -3*y**2 + y + 1. Let r be u(1). Let m be 0 - (1062 + r + -4). Let n = 90 - m. Is n a prime number?
False
Suppose 2*d = -4*t - 10, -t - 6 = -4*d + 10. Suppose d*f - 5120 = 5827. Is f a prime number?
False
Suppose 0 = 57*w - 44*w - 6240741. Is w composite?
True
Is 1/((1 - 1*4) + 4850400/1616775) a prime number?
True
Let x(s) = 28*s - 5. Let l be x(13). Let f = -84 - l. Let y = -150 - f. Is y a prime number?
True
Let q(c) = -2*c**2 + 2*c. Let l be q(-6). Suppose 20*j - f = 17*j - 11666, 3*j + 4*f + 11656 = 0. Is j/l - 4/14 a composite number?
True
Suppose -8*s - c = -5*s - 17, -4*c = -3*s + 7. Let w(f) = f**2 - 8*f + 24. Let a be w(s). Is (-1424)/(-6) - (6/a)/2 prime?
False
Is -17 + 0 + 21 - 4193/(-1) prime?
False
Let u = -52101 + 98678. Is u composite?
True
Let u(d) = -205*d + 20. Let m = -94 + 91. Is u(m) a prime number?
False
Let b = 72739 - 15860. Is b prime?
False
Let f(a) = -47 + 26 - 793*a - 12. Is f(-10) a composite number?
True
Suppose 4*p = 8 + 12. Let r(u) = -29 - 3*u - 6*u + p*u + 22*u**2. Is r(-6) composite?
False
Let l(m) = m**3 - 69*m**2 + 517*m + 35. Is l(66) a prime number?
True
Let f(v) be the third derivative of 113*v**4/24 - 4*v**3/3 + 4*v**2. Let b(o) = o**2 + 13*o + 27. Let l be b(-11). Is f(l) prime?
True
Suppose 3*p - 69417 + 7677 = 0. Suppose -24*v + p = -80244. Is v a prime number?
True
Let m = 37 - 28. Let z = 12 - m. Suppose h + 1603 + 6222 = z*y, -2619 = -y - 5*h. Is y composite?
False
Suppose -60 = 5*g - o, 2*g - 2*o = -5*o - 24. Let l(d) = -2*d**3 + 16*d**2 - 14*d - 6. Let v be l(7). Is (-8078)/g - (-1)/v a prime number?
True
Suppose -142*g + 5049800 = -25*g - 10213903. Is g a prime number?
False
Let r(q) = 11*q**3 + 2*q**2 - 2. Let z(j) = 43*j**3 + 8*j**2 + j - 8. Let a(n) = -9*r(n) + 2*z(n). Let m be a(2). Let i = 149 + m. Is i a composite number?
False
Is ((-3)/1 - 3)*(-8320066)/276 a prime number?
True
Suppose -10 = -81*c + 79*c. Suppose -c*o - 13272 = -29*o. Is o a prime number?
False
Suppose 0 = -3*g, 4*u + 4*g - 1254746 = -373182. Is u a prime number?
True
Let p = -8648 + 136249. Is p composite?
False
Let z be -3172 + (-90)/(-9) + 2/1. Let a = z - -7133. Is a prime?
False
Suppose -222*x = -200*x + 13191 - 370757. Is x composite?
False
Suppose -925574 = -2*p - 2*t, 0 = 6*t - 10*t + 24. Is p composite?
True
Suppose 3450076 = -281*b + 284*b + 5*w, -w = 1. Is b a prime number?
True
Let v = 1991 - 709. Is v composite?
True
Let r(i) = -3008*i + 169. Let f(v) = -14*v + 58. Let w be f(5). Is r(w) a prime number?
False
Let i(p) = 7002*p - 311. Is i(13) composite?
True
Let m(g) = g**2 - 9*g + 20. Let n be m(4). Suppose n = z - i - 5073, 2*z - 3*i + 2077 = 12219. Is z a prime number?
True
Let g(k) = 37 + k**3 - k + 78 + 222. Let h be g(0). Let q = 574 - h. Is q a prime number?
False
Suppose 1019 = -l - 4*n - 519, -3*l + 5*n - 4529 = 0. Is -12 + (1 - -4) - l a composite number?
False
Let v(m) = 0*m**3 - m**3 - 37*m**2 + 23*m**2 - 2 + 15*m. Let q be v(-15). Let u(g) = 448*g**2 - 6*g - 5. Is u(q) prime?
False
Let z be 3/4 - (1 - 36/(-48)). Is (-1)/(12/(-1412)*z/(-3)) composite?
False
Let q(n) = n